-3). Suppose 0 = -f*u + 2*r + 420, -4*u + r + 560 = 2*r. What is the units digit of u?
0
Suppose -62 + 42 = -5*t. Suppose -5*q + 73 = a + a, q = 5*a - 115. Suppose 6*p = t*p + a. What is the units digit of p?
2
Let i be (-1 - 0)/(8/(-16)). Suppose -8 = -0*z - i*z. Suppose d = -z*s + 29, -s - 29 = d - 2*d. What is the tens digit of d?
2
Let f(w) = 34*w**2 - 6*w - 29. What is the tens digit of f(8)?
9
Let k = 1253 + -600. What is the hundreds digit of k?
6
Let q(c) be the second derivative of c**4/12 - 11*c**3/6 - c. Let t be q(11). Let l = t + 3. What is the units digit of l?
3
Let z(h) = 2*h**2 + 6*h - 9. Let l be z(8). Suppose 3*c + 4*g - l = 0, 3*g - 5*g = -3*c + 191. What is the tens digit of c?
6
Suppose -r - 1 = 2*v, 0 + 4 = -4*v - 4*r. Let d(o) = -o + 17. What is the units digit of d(v)?
7
What is the units digit of (1 + -6)*1 - -152?
7
Suppose 28 = -4*t + 6*t + 5*v, v = -2*t + 44. Suppose -2*g + 5*g = -2*b - 11, -4*g = 5*b + t. What is the tens digit of (0 - g)*(4 - -28)?
3
Let r = 96 + -96. What is the units digit of -1*(-80 + r + -3)?
3
Suppose g + 2*j = 1312, 0 = -4*g + 3*j - 8*j + 5251. What is the tens digit of g?
1
Suppose 11*d - 14*d = -5*s + 3637, 5*d - 3645 = -5*s. What is the hundreds digit of s?
7
Suppose 0 = 13*i - 12*i. Suppose i = -3*t - u - 0*u + 64, u - 24 = -t. Suppose -t = -2*l + 6. What is the tens digit of l?
1
Let j(s) = -2*s**3 + 8*s**2 + 4*s - 32. What is the units digit of j(-10)?
8
Let m be (-3)/9*0 - -5. Let t(k) = 5*k**2 + 5*k + 9. Let j(f) = 4*f**2 + 5*f + 9. Let h(c) = m*t(c) - 6*j(c). What is the units digit of h(7)?
5
Let q(g) = g**2 + 7*g - 6. Let u be q(-8). Let l = u + 34. What is the units digit of l?
6
Suppose 0 = 5*b + d - 0*d - 61, -b + d = -11. Suppose 4*n = -b, 0 = -0*g - g - 2*n + 50. What is the tens digit of g?
5
Let l = 7956 + -5058. What is the hundreds digit of l?
8
Suppose -3*z + 5*r + 1122 = 3*r, -5*z = -4*r - 1870. What is the units digit of z?
4
What is the hundreds digit of (-2 - 95)/(1/(-10))?
9
Let q(c) = -6*c + 5*c - 13*c + 4 - c**2 + 0. What is the units digit of q(-7)?
3
Let o = 16 - 16. What is the units digit of 1 + 5/25*o?
1
Suppose 4*o - 9*g + 5*g - 11620 = 0, -14589 = -5*o - 11*g. What is the thousands digit of o?
2
Let t(f) = -f**3 - 29*f**2 + 41*f + 237. What is the tens digit of t(-33)?
4
Suppose 9*m - 16416 = 3519. What is the thousands digit of m?
2
Suppose -2*b + 3892 - 544 = 0. Suppose 0 = -4*v - 5*v + b. What is the tens digit of v?
8
What is the hundreds digit of 308074/156 + ((-33)/18)/(-11)?
9
Suppose -4*b = 3*b - 1449. Suppose q - 2 = 3*q, -3*q = -4*c + b. What is the units digit of c?
1
Suppose -s + 5*i = -6706, 4*i + 24677 = 5*s - 8832. What is the units digit of s?
1
Let h(w) = w**3 - 8*w**2 + 12*w + 1. Let t be h(9). Let b be t/50 - (-1)/5. Suppose b*z = -2*z + 72. What is the units digit of z?
2
Let i(p) = p**3 + 18*p - 17. What is the hundreds digit of i(4)?
1
Suppose -z + 161 = 4*b - 2*z, 4*b - 4*z - 176 = 0. What is the tens digit of b?
3
Let y(p) = -4*p. Let b be y(-4). Suppose -b = -2*d - 6. Suppose d*q - 166 = 69. What is the tens digit of q?
4
Suppose -16*z + 13500 = -26068. What is the thousands digit of z?
2
Let p(s) be the second derivative of -13*s**3/6 - 22*s**2 + 37*s. What is the units digit of p(-23)?
5
What is the units digit of 10 - 15 - (-299 - -1)?
3
Suppose -514 = -4*b - 158. Let j = 107 - b. What is the tens digit of j?
1
Suppose 5*s - 4*s = 5*r + 2216, -8 = -2*r. What is the units digit of s?
6
Let a be ((-27)/(-2))/((-42)/(-56)). Let q(w) = 2*w - 31. Let m be q(a). Suppose -329 = -4*t - 5*c, m*t = -2*c - 3*c + 410. What is the units digit of t?
1
Let t(b) = -2*b - 7. Let u be t(-9). Let q = -9 + u. Suppose q*k - 40 = -4*r, 0 = -k + 5*k - r - 116. What is the units digit of k?
8
Suppose 15 = -4*c + 5*d, 5*c - 3*c + 5 = 5*d. Let o = 0 + c. What is the tens digit of (78/o)/(6/(-20))?
5
Suppose 0 = -2*p - 3*n - 5, 4*n + 4 = -p - 11. Let o be (-69)/(-1) + 8/(-4). Suppose p*b - o + 5 = -4*r, 2*r - 26 = -5*b. What is the units digit of r?
8
Suppose b - 4*l = -0 + 8, 3*b + 6 = -3*l. Suppose 0 = 5*f - r - 35, b*f + 4*f - 2*r = 34. Suppose -c + 3 = -f. What is the units digit of c?
9
Suppose 802 = -2*x + 2832. What is the thousands digit of x?
1
Let n(k) = 12*k. Let l(a) = -24*a - 1. Let y(f) = 2*l(f) + 5*n(f). What is the units digit of y(1)?
0
Suppose 1 = 5*b - 9. Suppose b*z + z - 3*i + 306 = 0, 0 = -3*z - 3*i - 306. Let l = -73 - z. What is the tens digit of l?
2
Suppose -m = -3*v - 17, -3*v = -5*m - 6*v - 5. Suppose 3*o = -c + 96, 4 + m = 2*c. What is the tens digit of o?
3
Let n = 13 + -18. Let s be (1 + 3 + n)*-19. Suppose 0 = -3*w + 74 + s. What is the tens digit of w?
3
Let f(k) = -k**3 + 22*k**2 + 20*k - 99. What is the tens digit of f(21)?
6
Let x(y) = y**3 - 6*y**2 + 6*y + 1. Let l be x(5). Suppose -l*j + 393 + 45 = 0. Suppose -3*q + r + j = 0, r + 34 = -2*q + 91. What is the tens digit of q?
2
Let m(s) = -s**3 + 8*s**2 - 4*s - 7. Let z = 1 + 6. Let p be m(z). Suppose 0*x + 2*j - p = -3*x, j + 2 = 3*x. What is the units digit of x?
2
Let q(l) = -8*l + 2. Let m be q(-5). Suppose -32 = -6*k + 106. Let n = m - k. What is the units digit of n?
9
Let h(j) = -j**3 + 12*j**2 + 12*j + 18. Let d be h(13). What is the tens digit of -4 - (3 - d) - -120?
1
Let n(s) = 144*s - 5. What is the units digit of n(1)?
9
Let r(u) = 20*u - 4. Let l(p) = 101*p - 21. Let h(x) = 2*l(x) - 11*r(x). Let v = 290 + -292. What is the tens digit of h(v)?
3
Suppose 0 = -4*t + 8*t - 4. What is the units digit of 3*(-1070)/(-15)*t?
4
Let j = -389 - -801. What is the tens digit of j?
1
Suppose -n - d + 5 = 0, -3*n = -2*n + 4*d - 14. Suppose 0 = n*l - 3*l + 12. Suppose -2*z - 4*r + 0 = 2, 0 = -3*r - l. What is the units digit of z?
7
Let u be (-10)/4*8/10. Let j be 8 + 0 + 2/u. Suppose 4*c = -3*y + 44, -j*c - 5*y = -2*c - 50. What is the units digit of c?
4
Let z be 2 - 1 - (6 - 3). Let g(b) = -4*b. Let m be g(z). Suppose -m = t - 35. What is the tens digit of t?
2
Suppose 0 = 2*k - 2 - 4. Suppose k*i - 2*u = 4*i - 73, 5*i + 4*u - 359 = 0. What is the tens digit of i?
7
Suppose w - 5*i - 25 = -3, 5*w + i = 6. Suppose -w*f - 12 = f, -3*f - 484 = -4*a. What is the hundreds digit of a?
1
Let n(h) = 185*h**2 - 12*h - 2. Let f(l) = 62*l**2 - 4*l - 1. Let j(o) = 8*f(o) - 3*n(o). Let t be j(1). What is the units digit of t/(-3) - 0/2?
9
Let f be (2/4)/(1/(-4)). Let j be ((-1)/f)/(4/24). Suppose -j - 73 = -4*r. What is the units digit of r?
9
Let u = -11258 - -16661. What is the tens digit of u?
0
Let l be (-1)/(1 + 24/(-20)). Suppose -l*z + 57 + 43 = 0. Let t = -11 + z. What is the units digit of t?
9
Let d(y) = 14*y**2 - 29*y - 13. What is the units digit of d(10)?
7
Suppose 0 = 3*t + 13001 - 2648. What is the tens digit of 2/9 - t/63?
5
Let r(b) = -1 - 2*b**2 - 2*b**2 - 7*b**2. Let y be r(1). What is the units digit of ((-2)/(-4))/((-1)/y)?
6
Suppose 5*p + 13 = 2*c, -5*c = p - 4*p - 23. Suppose c*t - 25 = 91. What is the units digit of t?
9
Let r(h) = h**3 + h**2 - 5*h + 5. Let s be r(-3). Suppose -4*b + i + 462 = 0, -2*b - 86 = s*i - 312. What is the hundreds digit of b?
1
Let h = 511 - 236. Suppose 3*z = 6*k - 5*k - 283, k - h = -5*z. What is the hundreds digit of k?
2
Suppose -23 - 557 = -5*l. What is the units digit of ((-1)/(4/(-11)))/(1/l)?
9
What is the hundreds digit of (-8)/(-14)*(194 - -2)?
1
Let c be (4/(-7))/(16/(-56)). Suppose c*r + 0*r = -4*u + 10, -5*u - r + 11 = 0. Suppose 0 = 4*y - u*y - 10. What is the units digit of y?
5
Let q(x) = -9*x - 2. Let j be (-41)/7 + 11/(-77). What is the units digit of q(j)?
2
Let s(q) = -q**2 + 5*q - 6. Let h be s(6). Let r be 15/h*4/(-1). Suppose -5*z - 39 = -2*g, 5*g - 24 = -r*z + 21. What is the units digit of g?
2
Suppose -2*l - 2*p = -20, -4*l + 3*p = -0*l - 33. Suppose -3*u = -l*u + 246. What is the units digit of u?
1
Suppose 2*s + 0*s = -p + 113, p + 265 = 5*s. What is the tens digit of s?
5
Let g = 177 - 61. Suppose 10*t + g = 586. What is the tens digit of t?
4
Let x be (2/(-4))/((-5)/3830). Suppose -2*y + x = 5*k + y, k + 4*y = 80. What is the tens digit of k?
7
Let y(f) = 18*f - 20. What is the hundreds digit of y(16)?
2
Let u(q) = -q**3 + 12*q**2 - 10*q - 1. Let w be 2 - (-4)/(-4) - -13. Let r = w + -3. What is 